are the prime factors of 739156091?
739156091
What are the prime factors of 7306330808?
2, 7, 2662657
List the prime factors of 89187925.
5, 3567517
What are the prime factors of 191070069?
3, 63690023
What are the prime factors of 250221762?
2, 3, 7, 1985887
List the prime factors of 42255191.
11, 3841381
What are the prime factors of 425606451?
3, 141868817
What are the prime factors of 109016146?
2, 6037, 9029
What are the prime factors of 220889083?
220889083
List the prime factors of 5512194745.
5, 1102438949
List the prime factors of 317562742.
2, 7, 22683053
What are the prime factors of 1114665790?
2, 5, 7, 23, 53, 13063
What are the prime factors of 2264955120?
2, 3, 5, 3145771
List the prime factors of 1590298974.
2, 3, 11, 19, 140909
What are the prime factors of 59886722?
2, 7, 449, 1361
List the prime factors of 80654064.
2, 3, 31, 67, 809
List the prime factors of 497447706.
2, 3, 7, 421, 4019
List the prime factors of 118385051.
179, 313, 2113
What are the prime factors of 29663580?
2, 3, 5, 47, 67, 157
What are the prime factors of 623835727?
67, 9310981
List the prime factors of 809902317.
3, 7, 2753, 14009
List the prime factors of 1500373976.
2, 37, 149, 34019
What are the prime factors of 61603996?
2, 15400999
What are the prime factors of 208604515?
5, 7, 19, 41, 1093
What are the prime factors of 3349424182?
2, 13, 9909539
What are the prime factors of 663883733?
1823, 364171
What are the prime factors of 1290254345?
5, 23, 43, 260921
List the prime factors of 7278629.
173, 42073
What are the prime factors of 4943872365?
3, 5, 329591491
List the prime factors of 130992862.
2, 7, 11, 13, 59, 1109
What are the prime factors of 1004516215?
5, 83, 353, 6857
List the prime factors of 756163105.
5, 173, 227, 3851
List the prime factors of 806044522.
2, 23, 17522707
List the prime factors of 8568941.
37, 101, 2293
What are the prime factors of 52059951?
3, 5784439
What are the prime factors of 471727544?
2, 43, 1371301
List the prime factors of 34956900.
2, 3, 5, 11, 107
List the prime factors of 469515392.
2, 59, 62171
What are the prime factors of 3487686606?
2, 3, 47, 1374187
List the prime factors of 62307367.
1103, 56489
List the prime factors of 76664031.
3, 19, 787, 1709
List the prime factors of 274878836.
2, 6053, 11353
List the prime factors of 1283909697.
3, 7, 311, 809
What are the prime factors of 419781444?
2, 3, 103, 223, 1523
List the prime factors of 1159399453.
1159399453
List the prime factors of 398372498.
2, 10091, 19739
List the prime factors of 183588977.
11, 13, 1283839
What are the prime factors of 14963544?
2, 3, 61, 3407
List the prime factors of 414642739.
7, 59234677
What are the prime factors of 279287856?
2, 3, 1939499
List the prime factors of 6541571251.
37, 59, 1063, 2819
List the prime factors of 51232889.
51232889
What are the prime factors of 45159732?
2, 3, 19, 103, 641
List the prime factors of 15642604.
2, 3910651
List the prime factors of 4983930.
2, 3, 5, 7, 293
What are the prime factors of 100634432?
2, 31, 50723
What are the prime factors of 674871816?
2, 3, 3559, 7901
List the prime factors of 42584158.
2, 41, 251, 2069
List the prime factors of 2134489998.
2, 3, 355748333
What are the prime factors of 568384965?
3, 5, 43, 179, 547
List the prime factors of 741449895.
3, 5, 2081, 23753
What are the prime factors of 54168875?
5, 433351
List the prime factors of 598068241.
23, 26002967
What are the prime factors of 305850234?
2, 3, 673, 75743
What are the prime factors of 189911841?
3, 7, 9043421
What are the prime factors of 200165301?
3, 7, 37, 43, 1997
What are the prime factors of 1792249919?
37, 47, 199, 5179
What are the prime factors of 545669993?
11, 503, 98621
What are the prime factors of 6261549?
3, 7, 298169
What are the prime factors of 15138570?
2, 3, 5, 504619
What are the prime factors of 362607126?
2, 3, 7, 29, 297707
What are the prime factors of 1670607116?
2, 23, 3911, 4643
What are the prime factors of 95581893?
3, 11, 73, 3607
List the prime factors of 106162542.
2, 3, 1965973
List the prime factors of 51227850.
2, 3, 5, 523, 653
List the prime factors of 8743866026.
2, 7, 61, 233, 43943
What are the prime factors of 45788096?
2, 715439
What are the prime factors of 140632930?
2, 5, 37, 47, 8087
List the prime factors of 40555225.
5, 1622209
List the prime factors of 219274736.
2, 227, 60373
What are the prime factors of 16943102?
2, 11, 829, 929
What are the prime factors of 6845534775?
3, 5, 1126837
What are the prime factors of 4452117590?
2, 5, 17, 23, 1138649
What are the prime factors of 491127249?
3, 883, 185401
List the prime factors of 200018567.
7, 19, 1503899
What are the prime factors of 146308778?
2, 7, 11, 19, 31, 1613
List the prime factors of 120003595.
5, 17, 29, 89, 547
List the prime factors of 202897124.
2, 19, 2669699
What are the prime factors of 149923597?
149923597
What are the prime factors of 603078079?
2347, 256957
List the prime factors of 144662388.
2, 3, 13, 927323
What are the prime factors of 394700555?
5, 463, 170497
What are the prime factors of 316732203?
3, 5333, 6599
List the prime factors of 11450471.
101, 113371
What are the prime factors of 177236042?
2, 83, 1067687
What are the prime factors of 17159958?
2, 3, 317777
List the prime factors of 1859608203.
3, 619869401
List the prime factors of 62760072.
2, 3, 719, 3637
List the prime factors of 59708049.
3, 19902683
What are the prime factors of 2291095034?
2, 157, 7296481
List the prime factors of 2273732089.
97, 23440537
List the prime factors of 1192599596.
2, 29, 127, 80953
List the prime factors of 82449773.
7, 11778539
List the prime factors of 3140220015.
3, 5, 23, 1011343
What are the prime factors of 590365399?
13, 45412723
What are the prime factors of 2766351502?
2, 1383175751
What are the prime factors of 348616629?
3, 317, 13577
What are the prime factors of 2711724020?
2, 5, 601, 225601
What are the prime factors of 56790591?
3, 11, 13, 17, 599
List the prime factors of 23968628.
2, 5992157
What are the prime factors of 956254449?
3, 318751483
List the prime factors of 3431756984.
2, 1301, 329723
List the prime factors of 383747126.
2, 7, 41, 95507
What are the prime factors of 140762258?
2, 7, 13, 31, 61, 409
What are the prime factors of 4459022187?
3, 1486340729
List the prime factors of 246704507.
7, 3697, 9533
What are the prime factors of 1555232255?
5, 311046451
What are the prime factors of 50610285?
3, 5, 11, 173, 197
List the prime factors of 76749813.
3, 7, 1218251
What are the prime factors of 111518808?
2, 3, 4646617
What are the prime factors of 1807478294?
2, 2621, 344807
List the prime factors of 18364215.
3, 5, 1224281
List the prime factors of 571529465.
5, 13, 8792761
List the prime factors of 1625422413.
3, 157, 3451003
What are the prime factors of 2475743158?
2, 7, 176838797
What are the prime factors of 841788555?
3, 5, 56119237
List the prime factors of 356646023.
356646023
List the prime factors of 33391595.
5, 173, 38603
What are the prime factors of 242796554?
2, 7, 11, 13, 19, 491
List the prime factors of 8136313.
19, 428227
List the prime factors of 1857148994.
2, 211, 20857
List the prime factors of 51671556.
2, 3, 227, 6323
What are the prime factors of 2423950290?
2, 3, 5, 37, 61, 11933
List the prime factors of 179538377.
17, 139, 75979
List the prime factors of 59692549.
7, 281, 30347
What are the prime factors of 146366016?
2, 3, 29, 97, 271
List the prime factors of 232604576.
2, 563, 12911
What are the prime factors of 103123454?
2, 7, 7365961
List the prime factors of 372811002.
2, 3, 23, 2701529
List the prime factors of 42502038.
2, 3, 7083673
What are the prime factors of 13056992?
2, 13, 31387
What are the prime factors of 253211290?
2, 5, 19, 1332691
List the prime factors of 54976042.
2, 11, 317, 7883
What are the prime factors of 240202151?
7, 4831, 7103
List the prime factors of 94652695.
5, 18930539
List the prime factors of 787696331.
787696331
What are the prime factors of 1687658806?
2, 5741, 146983
What are the prime factors of 5184092053?
7, 59, 256169
List the prime factors of 53993220.
2, 3, 5, 53, 16979
List the prime factors of 1876384948.
2, 47, 9980771
What are the prime factors of 1081955904?
2, 3